et o be h(x). Let l = 53 - o. What is the tens digit of l?
2
Suppose 481 = 5*c + 2*u + 127, -c + 4*u + 62 = 0. Let p = c - 45. What is the units digit of p?
5
Let a(p) = 3*p**3 - p**2 + 3*p - 3. Let f be a(1). What is the tens digit of (-33)/(-22) - (-89)/f?
4
Let b = -2977 + 7739. What is the units digit of b?
2
Let v = 8761 - 5853. What is the thousands digit of v?
2
Let t(m) = 8*m**2 + 16*m + 432. What is the units digit of t(-17)?
2
Suppose -7*k - 1264 = -2*l - 5*k, 0 = 5*l + 5*k - 3180. What is the hundreds digit of l?
6
Let w(x) = x**3 - 4*x**2 - 3*x + 2. Let b(r) = -r**3 - 5*r**2 + 6*r + 6. Let d be b(-6). Let k be ((-15)/(-9))/(d/18). What is the units digit of w(k)?
2
Suppose 2*d - 3*d - 4*c + 23 = 0, -5*c + 28 = d. Suppose -d*l + 2*l = 0. What is the tens digit of (l + 1)*(16 + 3)?
1
Let t(w) = -w**3 + 2*w**2 + w + 955. What is the tens digit of t(0)?
5
Suppose -3*o - 66 = 8*o. What is the units digit of 2/(4 + o) + 131?
0
Suppose -4*w - 2*w + 24 = 0. Suppose 0 = -r + 4*l + 86, -390 = -5*r + 4*l + 104. Suppose r = -w*a + 6*a. What is the units digit of a?
1
Let i(w) = 85*w**2 + 46*w + 1. What is the thousands digit of i(4)?
1
Suppose 2*c + 18 = -3*a - a, -5*c - 2*a - 53 = 0. Let g = -11 - c. Suppose 0*m - 4*d - 22 = -2*m, g = 4*m + 3*d - 66. What is the tens digit of m?
1
Let o(f) = 34*f + 72*f - 9 + 16*f. What is the tens digit of o(2)?
3
Let g = -39 + -165. Let s = -48 - g. What is the units digit of s?
6
Let l be -4 - (-369)/(-4 + 7). Let r = -3 + l. Suppose r = 3*j + 14. What is the units digit of j?
4
Suppose 2*x - x = 4. Suppose x*l + 3 = 99. What is the tens digit of l/(-14)*(-84)/8?
1
Let d = 112 - 102. Suppose -d*x + 1302 = 4*x. What is the units digit of x?
3
Let i(m) = -3*m - 6. Let h be i(1). Let j(t) = t**3 + 9*t**2 - 4*t + 3. What is the units digit of j(h)?
9
Let l = 25 - 23. Suppose 3*n + 80 = -l*s, -s - n = 28 + 14. Let k = 67 + s. What is the tens digit of k?
2
Suppose 285 = 10*b + 795. Let j(c) = 11*c**2 - 2. Let w be j(-3). Let f = w + b. What is the tens digit of f?
4
Let x = 693 - 403. What is the hundreds digit of x?
2
Suppose 5*s + 4*k + 5812 = 26443, k - 4126 = -s. Suppose 12*a - s = -1391. What is the tens digit of a?
2
Let n = 30 + -25. What is the units digit of 303/n - (-21)/(-35)?
0
Let z(g) = -20*g - 46*g**3 + 9 - 10*g**2 + 45*g**3 + 43*g. What is the units digit of z(-12)?
1
Suppose -214 = 19*i - 25902. What is the tens digit of i?
5
Let q = -13 + 19. Let w be (-28)/q + (-38)/(-57). What is the units digit of 51 + -4 + 10 + w?
3
What is the thousands digit of (0 - (-20405)/21)*3 - 5?
2
Let k(m) = 3*m**2 - 3*m. Let z be k(2). Suppose -12 = z*u - 10*u. Suppose -2*r + c + 35 = 6*c, 3 = -u*c. What is the units digit of r?
0
Suppose 27*h - 16644 = 3633. What is the hundreds digit of h?
7
Let b(v) = 84*v + 8. Let t be b(-5). What is the units digit of 11/33 + t/6*-1?
9
Let y(c) = -c**3 - c**2 + 6*c + 2. Let h = -7 + 15. Suppose -4*o + h = -6*o. What is the tens digit of y(o)?
2
Let s be 9/(-6) - (-57)/6. What is the hundreds digit of (s/(-3))/(4/(-294))?
1
Suppose 4*i - 11 = 5*g, 4*i = -g + 9 + 8. Suppose -7*t = -i*t - 216. What is the units digit of t?
2
Let c(s) = -9*s + 2. Let r be c(-16). Let w = r + -77. What is the tens digit of w?
6
Let x be (-1 - 9)/((-6)/(-24)). Let q = 85 + x. Let i = -31 + q. What is the units digit of i?
4
Let n be (-89 - -1)/2*(3 - 5). Let i = 29 + n. What is the units digit of i?
7
Let b be (4/6)/(9/(-27)) + 5. What is the hundreds digit of (-224)/8*7/(-4)*b?
1
Let p = 57 + -60. What is the hundreds digit of 466/p*-1 + (-59)/177?
1
Let p(c) = c**2 - c - 1. Let n be p(-2). Suppose 0 = n*o - 56 - 19. What is the units digit of 58/15 - (-2)/o?
4
Suppose -4*g + 7 - 1 = -5*l, 5*l - 30 = -5*g. Suppose -9*s = -g*s - 170. What is the units digit of s?
4
Let n(t) = t**3 + 9*t**2 + 13*t - 3. Let y be -5 + 3/(12/(-4)). Let c be n(y). Suppose -2*z = -139 + c. What is the units digit of z?
6
Let y be ((-4)/(-3) - 2)*3 - -4. Suppose s - y = 7. What is the units digit of s?
9
Let d be 299/(-46) - (-2)/4. Let p be 70/(-50) - d/(-10). What is the units digit of 0 + (-1 + 5 - p)?
6
Let m(n) = -2*n**3 - 26*n**2 + 94*n - 18. What is the thousands digit of m(-20)?
3
Suppose 3*t + 2224 = 7*t. Suppose 2*x - 133 = 3*z - t, -4*x = 0. What is the units digit of z?
1
Let o be (39/(-45) + 8/(-60))*-369. Let p = o + -184. What is the units digit of p?
5
Let l(m) = 34*m + 17. Let t(h) = -h - 1. Let j(w) = l(w) + 2*t(w). What is the units digit of j(5)?
5
Let z be 2/6 + 114/(-18). Let s(d) = -d**2 + 8*d - 8. Let x be s(7). What is the units digit of z/(x - 2/(-4))?
2
Let n(d) = 292*d + 41. What is the tens digit of n(3)?
1
Let d be (5/(-2))/(2/(-8)). Let l be 14/d - (-6)/10. What is the units digit of (21 - -4)*(l - 1)?
5
Suppose -3*x - 2*x + 25 = 4*u, -3*u = x - 16. Suppose 0 = u*m - 3*m - 58. What is the units digit of m?
9
What is the tens digit of (-261)/(-116) - 5454/(-8)?
8
Let x be 21/2*(-12)/(-9). Suppose -622 = -4*c + x. Suppose -4*d + 1 = -c. What is the tens digit of d?
4
Let z = -19 + 7. Let g be (-3)/(-2)*z/(-9). Suppose -3*n = -5*y - 22 - 20, -5*n + g*y + 70 = 0. What is the tens digit of n?
1
What is the hundreds digit of 75/375 + 5548/10?
5
Suppose 2*o - 6 = -o. Suppose -4 = -3*w + o*w. Suppose w*r - 2*z = 178, 3*r + 3*z - 8*z = 137. What is the tens digit of r?
4
Suppose 34*m + 5*g = 33*m + 333, 334 = m + 4*g. What is the units digit of m?
8
Let u(l) = -2*l**2 - 4*l + 10. Let w = -20 + 25. Let o be u(w). Let p = o + 130. What is the units digit of p?
0
Let t(x) = x**2 - 7*x + 5. Let j be t(5). Let g = j - -9. Suppose 3*d = g*d - 21. What is the units digit of d?
1
Let d(l) = l**2 + 17*l - 6. Let f be d(-12). Let b = -36 - f. What is the units digit of b?
0
Suppose -5*c = 3*x + 3, -3*c = -c - x + 10. Let h be 4 - c/(6/(-28)). Let q(t) = t**2 + 6*t - 2. What is the units digit of q(h)?
8
Suppose 6*f + 494 = 2*b + 4*f, -2*b - f = -500. What is the units digit of b?
9
Let g(i) = -13*i + 74. Let a be g(-26). Suppose -4*f + 4*u = -a, -f + 2*f + u = 97. What is the units digit of f?
0
Let a(t) = 13*t**2 + 0*t + 6 + 7*t + t**3 + 0*t**3. Let h be a(-12). Suppose 2*d = 2*j + 24, 3*d + 6*j - h = 3*j. What is the units digit of d?
7
Let t = -6 + 11. Let u(s) = 2*s - 2. Let p be u(t). Let m(b) = -b**3 + 7*b**2 + 9*b + 7. What is the units digit of m(p)?
5
Let j = 2991 - 1862. What is the units digit of j?
9
Let v(u) = -u**3 - 7*u**2 + 9*u + 7. Let k be v(-8). Let y(i) = -80*i**3 - 2*i**2 - i. What is the tens digit of y(k)?
7
Let h = -72 - -78. Let q = 8 + h. What is the tens digit of q?
1
Let d(g) = g**3 - 18*g**2 + 3*g + 26. What is the tens digit of d(19)?
4
Let f(h) = -h + 11. Let p be f(11). Suppose p = -2*l + 4*l - 18. Let x = l + 8. What is the tens digit of x?
1
Let c(o) = -5*o**3 - 4*o**2 + 12*o + 2. What is the hundreds digit of c(-5)?
4
Let c(s) = s**2 + 1. Let o(t) = -t**3 + 10*t**2 - 9*t - 1. Let b be o(9). Let f be c(b). What is the tens digit of 17 - -1*(f - 1)?
1
Let m be 0 + 2/(-2) + 0. Let g(k) be the second derivative of -61*k**3/6 - 2*k**2 - 61*k. What is the units digit of g(m)?
7
Let u(b) = 2*b**3 + 5*b**2 - 67. What is the thousands digit of u(8)?
1
Suppose 3*i - 2*b = i + 12, 18 = 5*i - 2*b. Suppose -66 - 64 = -i*r. What is the units digit of r?
5
Let q = -36 + 44. Suppose -2*j + q + 10 = 3*r, 29 = 5*r + 3*j. What is the units digit of r?
4
Suppose 0 = -10*l + 796 + 1704. What is the hundreds digit of l?
2
Let q = -31 + 32. Let s = q + 10. What is the tens digit of s?
1
Let p = -8 - -15. Suppose 0 = 2*n - p*n. Suppose 3*i + n = -4*u + 6, -u = 0. What is the units digit of i?
2
Suppose 0 = -5*m + 448 + 432. What is the tens digit of m?
7
What is the tens digit of 6 - (2 + 4 - 455)?
5
Suppose -1578 = -3*d - 3*p, -5*p = -12 - 8. What is the hundreds digit of d?
5
Let w = -4 - -6. Let j(n) = 8*n**2 + n + 1. Let h be j(w). What is the tens digit of (7 - h)/((-4)/2)?
1
Let x be (4/2 + 0)*(100 + 1). Suppose 0 = -3*b - 0*r + r + x, -2*b - 4*r = -144. What is the units digit of b?
8
Let r(s) = 7*s**3 - 2*s**2 + s + 1. Let n be r(1). Suppose -2*t - 4*h = -t - 12, t - h - n = 0. What is the units digit of t?
8
Suppose 3*u - 21696 = -29*u. What is the tens digit of u?
7
Let s = 34 - 20. 